{"id":682,"date":"2024-05-21T23:34:53","date_gmt":"2024-05-22T02:34:53","guid":{"rendered":"https:\/\/virtualmente.org\/?page_id=682"},"modified":"2025-07-21T19:36:52","modified_gmt":"2025-07-21T22:36:52","slug":"politica-de-privacidad-ria","status":"publish","type":"page","link":"https:\/\/virtualmente.org\/index.php\/politica-de-privacidad-ria\/","title":{"rendered":"Pol\u00edtica de Privacidad &#8220;RIA&#8221;"},"content":{"rendered":"\n<p>La presente pol\u00edtica de privacidad establece los t\u00e9rminos de uso de la aplicaci\u00f3n de software (&#8220;RIA\u201d) en un dispositivo m\u00f3vil. Su privacidad para nosotros y nosotras es importante, por lo que pasamos a detallar nuestra pol\u00edtica respecto a la confidencialidad de su informaci\u00f3n persona.<\/p>\n\n\n\n<p><br>\u25cf La aplicaci\u00f3n &#8220;RIA&#8221; no recopila datos privados, ni se nos enviar\u00e1n autom\u00e1ticamente datos privados de los y las usuarias. <\/p>\n\n\n\n<p>\u25cf Funcionalidad: La aplicaci\u00f3n &#8220;RIA&#8221; s\u00f3lo reproduce un streaming de radio y no se hace responsable por los contenidos y\/u opiniones all\u00ed vertidas. <\/p>\n\n\n\n<ul class=\"wp-block-list\">\n<li>Acceso al micr\u00f3fono: La aplicaci\u00f3n puede solicitar, si usted as\u00ed lo desea, acceso al micr\u00f3fono para convertir las se\u00f1ales de audio en espectros reactivos al sonido. No se recopila ni env\u00eda ning\u00fan tipo de informaci\u00f3n sonora.<br><\/li>\n<\/ul>\n\n\n\n<p>ENLACES A TERCEROS<\/p>\n\n\n\n<p>La aplicaci\u00f3n \u201cRIA\u201d puede contener enlaces a otros sitios que pudieran ser de su inter\u00e9s y a los que se puede acceder presionando sobre un bot\u00f3n expuesto. Una vez que usted de presione en este enlace y abandone nuestra aplicaci\u00f3n, ya no tenemos control sobre al sitio al que es redirigido y por lo tanto no somos responsables de los t\u00e9rminos o privacidad ni de la protecci\u00f3n de sus datos en esos otros sitios terceros. Dichos sitios est\u00e1n sujetos a sus propias pol\u00edticas de privacidad por lo cual es recomendable que las consulte para confirmar que usted est\u00e1 de acuerdo con estas.<\/p>\n\n\n\n<p><\/p>\n\n\n\n<p>Nuestra Pol\u00edtica de Privacidad puede cambiar eventualmente, publicaremos cualquier cambio en la pol\u00edtica de privacidad en esta p\u00e1gina, por lo tanto, rev\u00edsela peri\u00f3dicamente. Ante cualquier duda le recomendamos contactarnos.<\/p>\n\n\n\n<p>VIRTUALMENTE<br>DESARROLLOS INMERSIVOS<br>info@virtualmente.org<\/p>\n\n\n\n<p><\/p>\n","protected":false},"excerpt":{"rendered":"<p>La presente pol\u00edtica de privacidad establece los t\u00e9rminos de uso de la aplicaci\u00f3n de software (&#8220;RIA\u201d) en un dispositivo m\u00f3vil. Su privacidad para nosotros y nosotras es importante, por lo que pasamos a detallar nuestra pol\u00edtica respecto a la confidencialidad de su informaci\u00f3n persona. \u25cf La aplicaci\u00f3n &#8220;RIA&#8221; no recopila [&hellip;]<\/p>\n","protected":false},"author":2,"featured_media":0,"parent":0,"menu_order":0,"comment_status":"closed","ping_status":"closed","template":"","meta":{"_themeisle_gutenberg_block_has_review":false,"footnotes":""},"class_list":["post-682","page","type-page","status-publish","hentry"],"_links":{"self":[{"href":"https:\/\/virtualmente.org\/index.php\/wp-json\/wp\/v2\/pages\/682","targetHints":{"allow":["GET"]}}],"collection":[{"href":"https:\/\/virtualmente.org\/index.php\/wp-json\/wp\/v2\/pages"}],"about":[{"href":"https:\/\/virtualmente.org\/index.php\/wp-json\/wp\/v2\/types\/page"}],"author":[{"embeddable":true,"href":"https:\/\/virtualmente.org\/index.php\/wp-json\/wp\/v2\/users\/2"}],"replies":[{"embeddable":true,"href":"https:\/\/virtualmente.org\/index.php\/wp-json\/wp\/v2\/comments?post=682"}],"version-history":[{"count":3,"href":"https:\/\/virtualmente.org\/index.php\/wp-json\/wp\/v2\/pages\/682\/revisions"}],"predecessor-version":[{"id":1545,"href":"https:\/\/virtualmente.org\/index.php\/wp-json\/wp\/v2\/pages\/682\/revisions\/1545"}],"wp:attachment":[{"href":"https:\/\/virtualmente.org\/index.php\/wp-json\/wp\/v2\/media?parent=682"}],"curies":[{"name":"wp","href":"https:\/\/api.w.org\/{rel}","templated":true}]}}