{"id":1522,"date":"2024-09-29T22:00:54","date_gmt":"2024-09-30T01:00:54","guid":{"rendered":"https:\/\/virtualmente.org\/?page_id=1522"},"modified":"2025-11-18T13:17:21","modified_gmt":"2025-11-18T16:17:21","slug":"politica-de-privacidad-eso-que-todavia-no-entiendo","status":"publish","type":"page","link":"https:\/\/virtualmente.org\/index.php\/politica-de-privacidad-eso-que-todavia-no-entiendo\/","title":{"rendered":"Pol\u00edtica de Privacidad &#8220;Eso que todav\u00eda no Entiendo&#8221;\u00a0"},"content":{"rendered":"\n<p>La presente&nbsp;pol\u00edtica&nbsp;de&nbsp;privacidad&nbsp;establece los t\u00e9rminos&nbsp;de&nbsp;uso&nbsp;de&nbsp;la aplicaci\u00f3n&nbsp;de&nbsp;software (\u201cEso que todav\u00eda no entiendo&#8221;) en un dispositivo m\u00f3vil. Su&nbsp;privacidad&nbsp;para nosotros es importante, por lo que pasamos a detallar nuestra&nbsp;pol\u00edtica&nbsp;respecto a la confidencialidad&nbsp;de&nbsp;su informaci\u00f3n persona. Adem\u00e1s puntualizamos nuestros principios, t\u00e9rminos y condiciones&nbsp;de&nbsp;uso.<\/p>\n\n\n\n<p>Pol\u00edtica&nbsp;de&nbsp;Privacidad<br>\u25cf La aplicaci\u00f3n \u201cEso que todav\u00eda no entiendo&#8221; no recopila datos privados, ni se nos enviar\u00e1n autom\u00e1ticamente datos privados&nbsp;de&nbsp;los y las usuarias.<\/p>\n\n\n\n<p>Uso de la C\u00e1mara<\/p>\n\n\n\n<p>\u25cf La aplicaci\u00f3n \u201cEso que todav\u00eda no entiendo&#8221;, en su primer uso solicitar\u00e1 permiso para utilizar la c\u00e1mara del dispositivo m\u00f3vil, esto es para permitir a la aplicaci\u00f3n posicionar objetos tridimensionales a trav\u00e9s de la c\u00e1mara del visor, sus im\u00e1genes privadas no ser\u00e1n recopiladas por nosotros, ni se nos enviar\u00e1n autom\u00e1ticamente datos privados&nbsp;de&nbsp;los y las usuarias.<\/p>\n\n\n\n<p>Enlaces a terceros<br>\u25cf La aplicaci\u00f3n \u201cEso que todav\u00eda no entiendo&#8221;\u201d puede contener enlaces a sitios&nbsp;de&nbsp;inter\u00e9s, de encontrarse disponibles enlaces a sitios&nbsp;de&nbsp;terceras partes, la inclusi\u00f3n&nbsp;de&nbsp;cualquier v\u00ednculo no implica aprobaci\u00f3n del sitio por parte&nbsp;de&nbsp;Virtualmente. El uso&nbsp;de&nbsp;cualquier sitio web vinculado es bajo el propio riesgo del usuario.<br>T\u00e9rminos y Condiciones<br>\u25cf Al acceder a nuestro sitio web Virtualmente.org\/Virtualmente.tech, usted acepta estar sujeto a los T\u00e9rminos y condiciones&nbsp;de&nbsp;uso&nbsp;de&nbsp;este sitio web, a todas las leyes y regulaciones aplicables, y acepta que es responsable del cumplimiento&nbsp;de&nbsp;las leyes locales aplicables. Si no est\u00e1&nbsp;de&nbsp;acuerdo con alguno&nbsp;de&nbsp;estos t\u00e9rminos, tiene prohibido usar o acceder a este sitio. Los materiales contenidos en este sitio web est\u00e1n protegidos por las leyes&nbsp;de&nbsp;derechos&nbsp;de&nbsp;autor y marcas comerciales aplicables.<br>Licencia&nbsp;de&nbsp;Uso Sitio Web y Aplicaci\u00f3n<br>\u25cf Se concede permiso para descargar temporalmente una copia&nbsp;de&nbsp;los materiales (informaci\u00f3n o software) en el sitio web Virtualmente.org \/ Virtualmente.tech y\/o en la aplicaci\u00f3n \u201cEl Secreto AR\u201d, para visualizaci\u00f3n transitoria personal y no comercial \u00fanicamente. Esta es la concesi\u00f3n&nbsp;de&nbsp;una licencia, no una transferencia&nbsp;de&nbsp;t\u00edtulo, y bajo esta licencia usted no puede: modificar o copiar los materiales; utilizar los materiales para cualquier fin comercial o para cualquier exhibici\u00f3n p\u00fablica (comercial o no comercial) sin autorizaci\u00f3n expresa&nbsp;de&nbsp;Virtualmente; intentar descompilar o aplicar ingenier\u00eda inversa a cualquier software contenido&nbsp;de&nbsp;Virtualmente; eliminar cualquier copyright u otras anotaciones&nbsp;de&nbsp;propiedad&nbsp;de&nbsp;los materiales; o transferir los materiales a otra persona o \u201creplicar\u201d los materiales en cualquier otro servidor.<br>Esta licencia finalizar\u00e1 autom\u00e1ticamente si usted viola cualquiera&nbsp;de&nbsp;estas restricciones y Virtualmente podr\u00e1 cancelarla en cualquier momento. Al finalizar la visualizaci\u00f3n&nbsp;de&nbsp;estos materiales o al finalizar esta licencia, debe destruir cualquier material descargado que tenga en su poder, ya sea en formato electr\u00f3nico o impreso.<br>Descargo&nbsp;de&nbsp;responsabilidad<br>\u25cf La aplicaci\u00f3n \u201cEso que todav\u00eda no entiendo&#8221; se proporciona \u201ctal cual\u201d. Virtualmente no ofrece garant\u00edas, expresas o impl\u00edcitas, y por la presente renuncia y niega todas las dem\u00e1s garant\u00edas, incluidas, entre otras, las garant\u00edas impl\u00edcitas o condiciones&nbsp;de&nbsp;comerciabilidad, idoneidad para un prop\u00f3sito particular o no infracci\u00f3n&nbsp;de&nbsp;propiedad intelectual u otra violaci\u00f3n&nbsp;de&nbsp;derechos. Adem\u00e1s, Virtualmente no garantiza ni hace ninguna declaraci\u00f3n con respecto a la precisi\u00f3n, los resultados probables o la confiabilidad del uso&nbsp;de&nbsp;la aplicaci\u00f3n o&nbsp;de&nbsp;otro modo en relaci\u00f3n con dichos materiales.<br>L\u00edmites<br>\u25cf En ning\u00fan caso, Virtualmente o sus proveedores ser\u00e1n responsables&nbsp;de&nbsp;los da\u00f1os (incluidos, entre otros, da\u00f1os por p\u00e9rdida&nbsp;de&nbsp;datos o ganancias, o debido a la interrupci\u00f3n del negocio) que surjan del uso o la imposibilidad&nbsp;de&nbsp;usar nuestra aplicaci\u00f3n. Debido a que algunas jurisdicciones no permiten limitaciones a las garant\u00edas impl\u00edcitas o limitaciones&nbsp;de&nbsp;responsabilidad por da\u00f1os consecuentes o incidentales, es posible que estas limitaciones no se apliquen a usted.<\/p>\n\n\n\n<ol start=\"5\" class=\"wp-block-list\">\n<li>Revisiones y erratas<br>\u25cf Los materiales que aparecen en el sitio web Virtualmente.org\/Virtualmente.tech as\u00ed como en la aplicaci\u00f3n El Secreto AR Experiencia Inmersiva podr\u00edan incluir errores t\u00e9cnicos, tipogr\u00e1ficos o fotogr\u00e1ficos. Virtualmente no garantiza que ninguno&nbsp;de&nbsp;los materiales sea exacto, completo o actual. Virtualmente puede realizar cambios en los materiales contenidos en su sitio web o en sus aplicaciones en cualquier momento sin previo aviso. Sin embargo, Virtualmente no se compromete a actualizar los materiales.<br>Ley aplicable<br>Cualquier reclamo relacionado con el sitio web&nbsp;de&nbsp;Virtualmente se regir\u00e1 por las leyes&nbsp;de&nbsp;Argentina sin tener en cuenta sus disposiciones sobre conflicto&nbsp;de&nbsp;leyes.<br>Modificaciones&nbsp;de&nbsp;los t\u00e9rminos&nbsp;de&nbsp;uso del sitio<br>\u25cf Virtualmente puede revisar la&nbsp;pol\u00edtica&nbsp;de&nbsp;privacidad&nbsp;y estos t\u00e9rminos&nbsp;de&nbsp;uso en cualquier momento sin previo aviso. Al utilizar sus aplicaciones o ingresar a su sitio web, usted acepta estar sujeto\/a a la versi\u00f3n vigente en ese momento&nbsp;de&nbsp;estos T\u00e9rminos y condiciones&nbsp;de&nbsp;uso.<\/li>\n<\/ol>\n\n\n\n<p>VIRTUALMENTE<br>DESARROLLOS INMERSIVOS<\/p>\n\n\n\n<p>info@virtualmente.org<\/p>\n\n\n\n<p><\/p>\n","protected":false},"excerpt":{"rendered":"<p>La presente&nbsp;pol\u00edtica&nbsp;de&nbsp;privacidad&nbsp;establece los t\u00e9rminos&nbsp;de&nbsp;uso&nbsp;de&nbsp;la aplicaci\u00f3n&nbsp;de&nbsp;software (\u201cEso que todav\u00eda no entiendo&#8221;) en un dispositivo m\u00f3vil. Su&nbsp;privacidad&nbsp;para nosotros es importante, por lo que pasamos a detallar nuestra&nbsp;pol\u00edtica&nbsp;respecto a la confidencialidad&nbsp;de&nbsp;su informaci\u00f3n persona. Adem\u00e1s puntualizamos nuestros principios, t\u00e9rminos y condiciones&nbsp;de&nbsp;uso. Pol\u00edtica&nbsp;de&nbsp;Privacidad\u25cf La aplicaci\u00f3n \u201cEso que todav\u00eda no entiendo&#8221; no recopila datos privados, ni [&hellip;]<\/p>\n","protected":false},"author":2,"featured_media":0,"parent":0,"menu_order":0,"comment_status":"closed","ping_status":"closed","template":"","meta":{"_themeisle_gutenberg_block_has_review":false,"footnotes":""},"class_list":["post-1522","page","type-page","status-publish","hentry"],"_links":{"self":[{"href":"https:\/\/virtualmente.org\/index.php\/wp-json\/wp\/v2\/pages\/1522","targetHints":{"allow":["GET"]}}],"collection":[{"href":"https:\/\/virtualmente.org\/index.php\/wp-json\/wp\/v2\/pages"}],"about":[{"href":"https:\/\/virtualmente.org\/index.php\/wp-json\/wp\/v2\/types\/page"}],"author":[{"embeddable":true,"href":"https:\/\/virtualmente.org\/index.php\/wp-json\/wp\/v2\/users\/2"}],"replies":[{"embeddable":true,"href":"https:\/\/virtualmente.org\/index.php\/wp-json\/wp\/v2\/comments?post=1522"}],"version-history":[{"count":3,"href":"https:\/\/virtualmente.org\/index.php\/wp-json\/wp\/v2\/pages\/1522\/revisions"}],"predecessor-version":[{"id":1525,"href":"https:\/\/virtualmente.org\/index.php\/wp-json\/wp\/v2\/pages\/1522\/revisions\/1525"}],"wp:attachment":[{"href":"https:\/\/virtualmente.org\/index.php\/wp-json\/wp\/v2\/media?parent=1522"}],"curies":[{"name":"wp","href":"https:\/\/api.w.org\/{rel}","templated":true}]}}